{"id":22,"date":"2026-03-14T12:19:53","date_gmt":"2026-03-14T12:19:53","guid":{"rendered":"https:\/\/marex.rs\/marex-jpc\/?post_type=product&#038;p=22"},"modified":"2026-03-14T12:20:02","modified_gmt":"2026-03-14T12:20:02","slug":"leax-univerzalni-odmascivac-3l","status":"publish","type":"product","link":"https:\/\/marex.rs\/marex-jpc\/product\/leax-univerzalni-odmascivac-3l\/","title":{"rendered":"LEAX-UNIVERZALNI ODMA\u0160\u0106IVA\u010c 3L"},"content":{"rendered":"<div class=\"header_proizvod\">\n<p class=\"prikazi \">Prika\u017ei sastojke<\/p>\n<\/div>\n<div class=\"podaci\">\n<div class=\"head_sastojci head_sastojci--animatable\">\n<div class=\"sastojci\">\n<p>Sastojci:<\/p>\n<p>5-Chloro-2-Methyl-3(2H)-isothiazolone with 2-Methyl-3(2H)-isothiazolone<br>\nButil glikol<br>\nCocamidopropyl betaine<br>\nFatty alcohol ethoxylate<br>\nIzopropil alkohol<br>\nPerfume (Citral)<br>\nTetranatrijum EDTA<br>\nTetrapotassium pyrophosphate<br>\nVoda<br>\nSodium Hydroxide<\/p>\n<\/div>\n<\/div>\n<\/div>","protected":false},"excerpt":{"rendered":"<p>Prika\u017ei sastojke Sastojci: 5-Chloro-2-Methyl-3(2H)-isothiazolone with 2-Methyl-3(2H)-isothiazolone Butil glikol Cocamidopropyl betaine Fatty alcohol ethoxylate Izopropil alkohol Perfume (Citral) Tetranatrijum EDTA Tetrapotassium pyrophosphate Voda Sodium Hydroxide<\/p>\n","protected":false},"featured_media":52,"comment_status":"open","ping_status":"closed","template":"","meta":[],"product_brand":[],"product_cat":[16,17,15],"product_tag":[],"class_list":{"0":"post-22","1":"product","2":"type-product","3":"status-publish","4":"has-post-thumbnail","6":"product_cat-auto-kozmetika","7":"product_cat-kucna-hemija","8":"product_cat-uncategorized","10":"first","11":"instock","12":"taxable","13":"shipping-taxable","14":"purchasable","15":"product-type-simple"},"_links":{"self":[{"href":"https:\/\/marex.rs\/marex-jpc\/wp-json\/wp\/v2\/product\/22","targetHints":{"allow":["GET"]}}],"collection":[{"href":"https:\/\/marex.rs\/marex-jpc\/wp-json\/wp\/v2\/product"}],"about":[{"href":"https:\/\/marex.rs\/marex-jpc\/wp-json\/wp\/v2\/types\/product"}],"replies":[{"embeddable":true,"href":"https:\/\/marex.rs\/marex-jpc\/wp-json\/wp\/v2\/comments?post=22"}],"wp:featuredmedia":[{"embeddable":true,"href":"https:\/\/marex.rs\/marex-jpc\/wp-json\/wp\/v2\/media\/52"}],"wp:attachment":[{"href":"https:\/\/marex.rs\/marex-jpc\/wp-json\/wp\/v2\/media?parent=22"}],"wp:term":[{"taxonomy":"product_brand","embeddable":true,"href":"https:\/\/marex.rs\/marex-jpc\/wp-json\/wp\/v2\/product_brand?post=22"},{"taxonomy":"product_cat","embeddable":true,"href":"https:\/\/marex.rs\/marex-jpc\/wp-json\/wp\/v2\/product_cat?post=22"},{"taxonomy":"product_tag","embeddable":true,"href":"https:\/\/marex.rs\/marex-jpc\/wp-json\/wp\/v2\/product_tag?post=22"}],"curies":[{"name":"wp","href":"https:\/\/api.w.org\/{rel}","templated":true}]}}